{"id":110,"date":"2021-03-24T16:54:59","date_gmt":"2021-03-24T19:54:59","guid":{"rendered":"https:\/\/www.espiaosip.com.br\/servicos\/?page_id=110"},"modified":"2021-03-29T08:38:18","modified_gmt":"2021-03-29T11:38:18","slug":"localizacao-de-pessoas","status":"publish","type":"page","link":"https:\/\/www.espiaosip.com.br\/servicos\/localizacao-de-pessoas\/","title":{"rendered":"Localiza\u00e7\u00e3o de Pessoas"},"content":{"rendered":"\t\t<div data-elementor-type=\"wp-page\" data-elementor-id=\"110\" class=\"elementor elementor-110\" data-elementor-post-type=\"page\">\n\t\t\t\t\t\t<section class=\"elementor-section elementor-top-section elementor-element elementor-element-661c64f4 elementor-section-boxed elementor-section-height-default elementor-section-height-default\" data-id=\"661c64f4\" data-element_type=\"section\" data-settings=\"{&quot;background_background&quot;:&quot;classic&quot;,&quot;background_motion_fx_motion_fx_scrolling&quot;:&quot;yes&quot;,&quot;animation&quot;:&quot;none&quot;,&quot;background_motion_fx_devices&quot;:[&quot;desktop&quot;,&quot;tablet&quot;,&quot;mobile&quot;]}\">\n\t\t\t\t\t\t<div class=\"elementor-container elementor-column-gap-default\">\n\t\t\t\t\t<div class=\"elementor-column elementor-col-100 elementor-top-column elementor-element elementor-element-19f1e616\" data-id=\"19f1e616\" data-element_type=\"column\" data-settings=\"{&quot;background_background&quot;:&quot;classic&quot;}\">\n\t\t\t<div class=\"elementor-widget-wrap elementor-element-populated\">\n\t\t\t\t\t\t<div class=\"elementor-element elementor-element-748f3bbd elementor-widget elementor-widget-heading\" data-id=\"748f3bbd\" data-element_type=\"widget\" data-widget_type=\"heading.default\">\n\t\t\t\t<div class=\"elementor-widget-container\">\n\t\t\t\t\t<h1 class=\"elementor-heading-title elementor-size-large\">Precisando Localizar uma Pessoa e n\u00e3o sabe por onde come\u00e7ar?<\/h1>\t\t\t\t<\/div>\n\t\t\t\t<\/div>\n\t\t\t\t<div class=\"elementor-element elementor-element-1bcc43e0 elementor-widget elementor-widget-text-editor\" data-id=\"1bcc43e0\" data-element_type=\"widget\" data-widget_type=\"text-editor.default\">\n\t\t\t\t<div class=\"elementor-widget-container\">\n\t\t\t\t\t\t\t\t\t<p>A Ag\u00eancia Espi\u00e3o SIP t\u00eam os melhores Detetives para te ajudar com Localiza\u00e7\u00e3o de Pessoas, tudo com muito sigilo e rapidez.<\/p>\t\t\t\t\t\t\t\t<\/div>\n\t\t\t\t<\/div>\n\t\t\t\t\t<\/div>\n\t\t<\/div>\n\t\t\t\t\t<\/div>\n\t\t<\/section>\n\t\t\t\t<section class=\"elementor-section elementor-top-section elementor-element elementor-element-102a3672 elementor-section-boxed elementor-section-height-default elementor-section-height-default\" data-id=\"102a3672\" data-element_type=\"section\">\n\t\t\t\t\t\t<div class=\"elementor-container elementor-column-gap-default\">\n\t\t\t\t\t<div class=\"elementor-column elementor-col-100 elementor-top-column elementor-element elementor-element-4359f4ad\" data-id=\"4359f4ad\" data-element_type=\"column\">\n\t\t\t<div class=\"elementor-widget-wrap elementor-element-populated\">\n\t\t\t\t\t\t<div class=\"elementor-element elementor-element-7d411c72 elementor-widget elementor-widget-heading\" data-id=\"7d411c72\" data-element_type=\"widget\" data-widget_type=\"heading.default\">\n\t\t\t\t<div class=\"elementor-widget-container\">\n\t\t\t\t\t<h2 class=\"elementor-heading-title elementor-size-default\">Localiza\u00e7\u00e3o de Pessoas<\/h2>\t\t\t\t<\/div>\n\t\t\t\t<\/div>\n\t\t\t\t<div class=\"elementor-element elementor-element-c1dcdf3 elementor-widget elementor-widget-text-editor\" data-id=\"c1dcdf3\" data-element_type=\"widget\" data-widget_type=\"text-editor.default\">\n\t\t\t\t<div class=\"elementor-widget-container\">\n\t\t\t\t\t\t\t\t\t<p><img fetchpriority=\"high\" decoding=\"async\" class=\"alignleft wp-image-209\" src=\"https:\/\/www.espiaosip.com.br\/servicos\/wp-content\/uploads\/2021\/03\/Localizacao-de-Pessoas-Detetive-300x225.jpg\" alt=\"Localiza\u00e7\u00e3o de Pessoas Detetive\" width=\"400\" height=\"300\" srcset=\"https:\/\/www.espiaosip.com.br\/servicos\/wp-content\/uploads\/2021\/03\/Localizacao-de-Pessoas-Detetive-300x225.jpg 300w, https:\/\/www.espiaosip.com.br\/servicos\/wp-content\/uploads\/2021\/03\/Localizacao-de-Pessoas-Detetive.jpg 600w\" sizes=\"(max-width: 400px) 100vw, 400px\" \/><\/p><p>Nossa empresa conta com uma equipe altamente especializada em\u00a0<b>Localiza\u00e7\u00e3o de Pessoas<\/b>, bens m\u00f3veis e im\u00f3veis, objetos e at\u00e9 mesmo animais. Quando se trata de uma Localiza\u00e7\u00e3o, muitas vezes trata-se de um caso muito complicado e at\u00e9 mesmo bem angustiante, principalmente quando se trata de um parente ou ente querido. Em outros casos a pessoa procurado, pode ser algu\u00e9m que nunca se conheceram ou at\u00e9 mesmo algu\u00e9m que n\u00e3o deseja conhecer apenas localizado para a resolu\u00e7\u00e3o de algum caso particular.<\/p><p>\u00a0<\/p><h3>Qual o objetivo da Localiza\u00e7\u00e3o de Pessoas?<\/h3><p>\u00a0<\/p><p>Nosso maior objetivo nos casos de\u00a0<i>localiza\u00e7\u00e3o de pessoas<\/i>\u00a0\u00e9 realizar o levantamento e averiguar para que possamos localizar o local exato onde a pessoa que voc\u00ea procura esteja localizada. Em muitos casos tamb\u00e9m faremos um acompanhamento para saber a rotina dessa pessoa e assim identificar toda a rotina e seus atos comprometedores, deixando assim nossos clientes cientes do que se passa e totalmente satisfeitos com nosso trabalho.<\/p><p>\u00a0<\/p><p>Para isso nossa equipe faz um estudo minucioso junto ao cliente e verifica qual a melhor maneira, estrat\u00e9gia e melhores recursos a serem utilizados, pois cada caso \u00e9 um caso, cada caso \u00e9 estudado de uma maneira diferente e particular juntamente com o contratante para que haja efici\u00eancia e agilidade na investiga\u00e7\u00e3o.<\/p>\t\t\t\t\t\t\t\t<\/div>\n\t\t\t\t<\/div>\n\t\t\t\t\t<\/div>\n\t\t<\/div>\n\t\t\t\t\t<\/div>\n\t\t<\/section>\n\t\t\t\t<section class=\"elementor-section elementor-top-section elementor-element elementor-element-331da5fb elementor-section-boxed elementor-section-height-default elementor-section-height-default\" data-id=\"331da5fb\" data-element_type=\"section\" data-settings=\"{&quot;background_background&quot;:&quot;classic&quot;}\">\n\t\t\t\t\t\t<div class=\"elementor-container elementor-column-gap-default\">\n\t\t\t\t\t<div class=\"elementor-column elementor-col-100 elementor-top-column elementor-element elementor-element-14ada5d\" data-id=\"14ada5d\" data-element_type=\"column\">\n\t\t\t<div class=\"elementor-widget-wrap elementor-element-populated\">\n\t\t\t\t\t\t<section class=\"elementor-section elementor-inner-section elementor-element elementor-element-16e47363 elementor-section-boxed elementor-section-height-default elementor-section-height-default\" data-id=\"16e47363\" data-element_type=\"section\">\n\t\t\t\t\t\t<div class=\"elementor-container elementor-column-gap-default\">\n\t\t\t\t\t<div class=\"elementor-column elementor-col-50 elementor-inner-column elementor-element elementor-element-360e235a\" data-id=\"360e235a\" data-element_type=\"column\">\n\t\t\t<div class=\"elementor-widget-wrap elementor-element-populated\">\n\t\t\t\t\t\t<div class=\"elementor-element elementor-element-31b35ea4 elementor-widget elementor-widget-heading\" data-id=\"31b35ea4\" data-element_type=\"widget\" data-widget_type=\"heading.default\">\n\t\t\t\t<div class=\"elementor-widget-container\">\n\t\t\t\t\t<h2 class=\"elementor-heading-title elementor-size-large\">Localize a pessoa que precisa de uma forma segura e r\u00e1pida, entre em contato com nossos Detetives e tire suas d\u00favidas.<\/h2>\t\t\t\t<\/div>\n\t\t\t\t<\/div>\n\t\t\t\t\t<\/div>\n\t\t<\/div>\n\t\t\t\t<div class=\"elementor-column elementor-col-50 elementor-inner-column elementor-element elementor-element-51aaed67\" data-id=\"51aaed67\" data-element_type=\"column\">\n\t\t\t<div class=\"elementor-widget-wrap elementor-element-populated\">\n\t\t\t\t\t\t<div class=\"elementor-element elementor-element-2cd6a10b elementor-align-center elementor-widget elementor-widget-button\" data-id=\"2cd6a10b\" data-element_type=\"widget\" data-widget_type=\"button.default\">\n\t\t\t\t<div class=\"elementor-widget-container\">\n\t\t\t\t\t\t\t\t\t<div class=\"elementor-button-wrapper\">\n\t\t\t\t\t<a class=\"elementor-button elementor-button-link elementor-size-md\" href=\"https:\/\/www.espiaosip.com.br\/servicos\/contato\/\" rel=\"nofollow\">\n\t\t\t\t\t\t<span class=\"elementor-button-content-wrapper\">\n\t\t\t\t\t\t\t\t\t<span class=\"elementor-button-text\">CONTATO<\/span>\n\t\t\t\t\t<\/span>\n\t\t\t\t\t<\/a>\n\t\t\t\t<\/div>\n\t\t\t\t\t\t\t\t<\/div>\n\t\t\t\t<\/div>\n\t\t\t\t\t<\/div>\n\t\t<\/div>\n\t\t\t\t\t<\/div>\n\t\t<\/section>\n\t\t\t\t\t<\/div>\n\t\t<\/div>\n\t\t\t\t\t<\/div>\n\t\t<\/section>\n\t\t\t\t<\/div>\n\t\t","protected":false},"excerpt":{"rendered":"<p>Precisando Localizar uma Pessoa e n\u00e3o sabe por onde come\u00e7ar? A Ag\u00eancia Espi\u00e3o SIP t\u00eam os melhores Detetives para te ajudar com Localiza\u00e7\u00e3o de Pessoas, tudo com muito sigilo e rapidez. Nossa empresa conta com uma equipe altamente especializada em\u00a0Localiza\u00e7\u00e3o de Pessoas, bens m\u00f3veis e im\u00f3veis, objetos e at\u00e9 mesmo animais. Quando se trata de &#8230; <a title=\"Localiza\u00e7\u00e3o de Pessoas\" class=\"read-more\" href=\"https:\/\/www.espiaosip.com.br\/servicos\/localizacao-de-pessoas\/\" aria-label=\"More on Localiza\u00e7\u00e3o de Pessoas\">Ler mais<\/a><\/p>\n","protected":false},"author":1,"featured_media":0,"parent":0,"menu_order":0,"comment_status":"closed","ping_status":"closed","template":"elementor_header_footer","meta":{"footnotes":""},"class_list":["post-110","page","type-page","status-publish"],"yoast_head":"<!-- This site is optimized with the Yoast SEO plugin v26.9 - https:\/\/yoast.com\/product\/yoast-seo-wordpress\/ -->\n<title>Localiza\u00e7\u00e3o de Pessoas em todo Brasil com Sigilo Absoluto- Espiao SIP<\/title>\n<meta name=\"description\" content=\"Precisando de uma Localiza\u00e7\u00e3o de Pessoas em qualquer regi\u00e3o do Brasil? Esta no lugar certo, a SIP possui os melhores Detetives, saiba mais.\" \/>\n<meta name=\"robots\" content=\"index, follow, max-snippet:-1, max-image-preview:large, max-video-preview:-1\" \/>\n<link rel=\"canonical\" href=\"https:\/\/www.espiaosip.com.br\/servicos\/localizacao-de-pessoas\/\" \/>\n<meta property=\"og:locale\" content=\"pt_BR\" \/>\n<meta property=\"og:type\" content=\"article\" \/>\n<meta property=\"og:title\" content=\"Localiza\u00e7\u00e3o de Pessoas em todo Brasil com Sigilo Absoluto - Espiao SIP\" \/>\n<meta property=\"og:description\" content=\"Precisando de uma Localiza\u00e7\u00e3o de Pessoas em qualquer regi\u00e3o do Brasil? Esta no lugar certo, a SIP possui os melhores Detetives, saiba mais.\" \/>\n<meta property=\"og:url\" content=\"https:\/\/www.espiaosip.com.br\/servicos\/localizacao-de-pessoas\/\" \/>\n<meta property=\"og:site_name\" content=\"Espiao SIP\" \/>\n<meta property=\"article:modified_time\" content=\"2021-03-29T11:38:18+00:00\" \/>\n<meta property=\"og:image\" content=\"https:\/\/www.espiaosip.com.br\/servicos\/wp-content\/uploads\/2021\/03\/Localizacao-de-Pessoas.jpg\" \/>\n\t<meta property=\"og:image:width\" content=\"800\" \/>\n\t<meta property=\"og:image:height\" content=\"330\" \/>\n\t<meta property=\"og:image:type\" content=\"image\/jpeg\" \/>\n<meta name=\"twitter:card\" content=\"summary_large_image\" \/>\n<meta name=\"twitter:label1\" content=\"Est. tempo de leitura\" \/>\n\t<meta name=\"twitter:data1\" content=\"2 minutos\" \/>\n<script type=\"application\/ld+json\" class=\"yoast-schema-graph\">{\"@context\":\"https:\/\/schema.org\",\"@graph\":[{\"@type\":\"WebPage\",\"@id\":\"https:\/\/www.espiaosip.com.br\/servicos\/localizacao-de-pessoas\/\",\"url\":\"https:\/\/www.espiaosip.com.br\/servicos\/localizacao-de-pessoas\/\",\"name\":\"Localiza\u00e7\u00e3o de Pessoas em todo Brasil com Sigilo Absoluto- Espiao SIP\",\"isPartOf\":{\"@id\":\"https:\/\/www.espiaosip.com.br\/servicos\/#website\"},\"primaryImageOfPage\":{\"@id\":\"https:\/\/www.espiaosip.com.br\/servicos\/localizacao-de-pessoas\/#primaryimage\"},\"image\":{\"@id\":\"https:\/\/www.espiaosip.com.br\/servicos\/localizacao-de-pessoas\/#primaryimage\"},\"thumbnailUrl\":\"https:\/\/www.espiaosip.com.br\/servicos\/wp-content\/uploads\/2021\/03\/Localizacao-de-Pessoas-Detetive-300x225.jpg\",\"datePublished\":\"2021-03-24T19:54:59+00:00\",\"dateModified\":\"2021-03-29T11:38:18+00:00\",\"description\":\"Precisando de uma Localiza\u00e7\u00e3o de Pessoas em qualquer regi\u00e3o do Brasil? Esta no lugar certo, a SIP possui os melhores Detetives, saiba mais.\",\"breadcrumb\":{\"@id\":\"https:\/\/www.espiaosip.com.br\/servicos\/localizacao-de-pessoas\/#breadcrumb\"},\"inLanguage\":\"pt-BR\",\"potentialAction\":[{\"@type\":\"ReadAction\",\"target\":[\"https:\/\/www.espiaosip.com.br\/servicos\/localizacao-de-pessoas\/\"]}]},{\"@type\":\"ImageObject\",\"inLanguage\":\"pt-BR\",\"@id\":\"https:\/\/www.espiaosip.com.br\/servicos\/localizacao-de-pessoas\/#primaryimage\",\"url\":\"https:\/\/www.espiaosip.com.br\/servicos\/wp-content\/uploads\/2021\/03\/Localizacao-de-Pessoas-Detetive.jpg\",\"contentUrl\":\"https:\/\/www.espiaosip.com.br\/servicos\/wp-content\/uploads\/2021\/03\/Localizacao-de-Pessoas-Detetive.jpg\",\"width\":600,\"height\":450,\"caption\":\"Localiza\u00e7\u00e3o de Pessoas Detetive\"},{\"@type\":\"BreadcrumbList\",\"@id\":\"https:\/\/www.espiaosip.com.br\/servicos\/localizacao-de-pessoas\/#breadcrumb\",\"itemListElement\":[{\"@type\":\"ListItem\",\"position\":1,\"name\":\"In\u00edcio\",\"item\":\"https:\/\/www.espiaosip.com.br\/servicos\/\"},{\"@type\":\"ListItem\",\"position\":2,\"name\":\"Localiza\u00e7\u00e3o de Pessoas\"}]},{\"@type\":\"WebSite\",\"@id\":\"https:\/\/www.espiaosip.com.br\/servicos\/#website\",\"url\":\"https:\/\/www.espiaosip.com.br\/servicos\/\",\"name\":\"Espiao SIP\",\"description\":\"Precisando de um Detetive Particular de Confian\u00e7a? Trabalhamos com sigilo 24 horas por dia. Entrem em contato para mais informa\u00e7\u00f5es.\",\"publisher\":{\"@id\":\"https:\/\/www.espiaosip.com.br\/servicos\/#organization\"},\"potentialAction\":[{\"@type\":\"SearchAction\",\"target\":{\"@type\":\"EntryPoint\",\"urlTemplate\":\"https:\/\/www.espiaosip.com.br\/servicos\/?s={search_term_string}\"},\"query-input\":{\"@type\":\"PropertyValueSpecification\",\"valueRequired\":true,\"valueName\":\"search_term_string\"}}],\"inLanguage\":\"pt-BR\"},{\"@type\":\"Organization\",\"@id\":\"https:\/\/www.espiaosip.com.br\/servicos\/#organization\",\"name\":\"Espiao SIP\",\"url\":\"https:\/\/www.espiaosip.com.br\/servicos\/\",\"logo\":{\"@type\":\"ImageObject\",\"inLanguage\":\"pt-BR\",\"@id\":\"https:\/\/www.espiaosip.com.br\/servicos\/#\/schema\/logo\/image\/\",\"url\":\"https:\/\/www.espiaosip.com.br\/servicos\/wp-content\/uploads\/2021\/03\/cropped-Detetive-Particular-1.png\",\"contentUrl\":\"https:\/\/www.espiaosip.com.br\/servicos\/wp-content\/uploads\/2021\/03\/cropped-Detetive-Particular-1.png\",\"width\":385,\"height\":112,\"caption\":\"Espiao SIP\"},\"image\":{\"@id\":\"https:\/\/www.espiaosip.com.br\/servicos\/#\/schema\/logo\/image\/\"}}]}<\/script>\n<!-- \/ Yoast SEO plugin. -->","yoast_head_json":{"title":"Localiza\u00e7\u00e3o de Pessoas em todo Brasil com Sigilo Absoluto- Espiao SIP","description":"Precisando de uma Localiza\u00e7\u00e3o de Pessoas em qualquer regi\u00e3o do Brasil? Esta no lugar certo, a SIP possui os melhores Detetives, saiba mais.","robots":{"index":"index","follow":"follow","max-snippet":"max-snippet:-1","max-image-preview":"max-image-preview:large","max-video-preview":"max-video-preview:-1"},"canonical":"https:\/\/www.espiaosip.com.br\/servicos\/localizacao-de-pessoas\/","og_locale":"pt_BR","og_type":"article","og_title":"Localiza\u00e7\u00e3o de Pessoas em todo Brasil com Sigilo Absoluto - Espiao SIP","og_description":"Precisando de uma Localiza\u00e7\u00e3o de Pessoas em qualquer regi\u00e3o do Brasil? Esta no lugar certo, a SIP possui os melhores Detetives, saiba mais.","og_url":"https:\/\/www.espiaosip.com.br\/servicos\/localizacao-de-pessoas\/","og_site_name":"Espiao SIP","article_modified_time":"2021-03-29T11:38:18+00:00","og_image":[{"width":800,"height":330,"url":"https:\/\/www.espiaosip.com.br\/servicos\/wp-content\/uploads\/2021\/03\/Localizacao-de-Pessoas.jpg","type":"image\/jpeg"}],"twitter_card":"summary_large_image","twitter_misc":{"Est. tempo de leitura":"2 minutos"},"schema":{"@context":"https:\/\/schema.org","@graph":[{"@type":"WebPage","@id":"https:\/\/www.espiaosip.com.br\/servicos\/localizacao-de-pessoas\/","url":"https:\/\/www.espiaosip.com.br\/servicos\/localizacao-de-pessoas\/","name":"Localiza\u00e7\u00e3o de Pessoas em todo Brasil com Sigilo Absoluto- Espiao SIP","isPartOf":{"@id":"https:\/\/www.espiaosip.com.br\/servicos\/#website"},"primaryImageOfPage":{"@id":"https:\/\/www.espiaosip.com.br\/servicos\/localizacao-de-pessoas\/#primaryimage"},"image":{"@id":"https:\/\/www.espiaosip.com.br\/servicos\/localizacao-de-pessoas\/#primaryimage"},"thumbnailUrl":"https:\/\/www.espiaosip.com.br\/servicos\/wp-content\/uploads\/2021\/03\/Localizacao-de-Pessoas-Detetive-300x225.jpg","datePublished":"2021-03-24T19:54:59+00:00","dateModified":"2021-03-29T11:38:18+00:00","description":"Precisando de uma Localiza\u00e7\u00e3o de Pessoas em qualquer regi\u00e3o do Brasil? Esta no lugar certo, a SIP possui os melhores Detetives, saiba mais.","breadcrumb":{"@id":"https:\/\/www.espiaosip.com.br\/servicos\/localizacao-de-pessoas\/#breadcrumb"},"inLanguage":"pt-BR","potentialAction":[{"@type":"ReadAction","target":["https:\/\/www.espiaosip.com.br\/servicos\/localizacao-de-pessoas\/"]}]},{"@type":"ImageObject","inLanguage":"pt-BR","@id":"https:\/\/www.espiaosip.com.br\/servicos\/localizacao-de-pessoas\/#primaryimage","url":"https:\/\/www.espiaosip.com.br\/servicos\/wp-content\/uploads\/2021\/03\/Localizacao-de-Pessoas-Detetive.jpg","contentUrl":"https:\/\/www.espiaosip.com.br\/servicos\/wp-content\/uploads\/2021\/03\/Localizacao-de-Pessoas-Detetive.jpg","width":600,"height":450,"caption":"Localiza\u00e7\u00e3o de Pessoas Detetive"},{"@type":"BreadcrumbList","@id":"https:\/\/www.espiaosip.com.br\/servicos\/localizacao-de-pessoas\/#breadcrumb","itemListElement":[{"@type":"ListItem","position":1,"name":"In\u00edcio","item":"https:\/\/www.espiaosip.com.br\/servicos\/"},{"@type":"ListItem","position":2,"name":"Localiza\u00e7\u00e3o de Pessoas"}]},{"@type":"WebSite","@id":"https:\/\/www.espiaosip.com.br\/servicos\/#website","url":"https:\/\/www.espiaosip.com.br\/servicos\/","name":"Espiao SIP","description":"Precisando de um Detetive Particular de Confian\u00e7a? Trabalhamos com sigilo 24 horas por dia. Entrem em contato para mais informa\u00e7\u00f5es.","publisher":{"@id":"https:\/\/www.espiaosip.com.br\/servicos\/#organization"},"potentialAction":[{"@type":"SearchAction","target":{"@type":"EntryPoint","urlTemplate":"https:\/\/www.espiaosip.com.br\/servicos\/?s={search_term_string}"},"query-input":{"@type":"PropertyValueSpecification","valueRequired":true,"valueName":"search_term_string"}}],"inLanguage":"pt-BR"},{"@type":"Organization","@id":"https:\/\/www.espiaosip.com.br\/servicos\/#organization","name":"Espiao SIP","url":"https:\/\/www.espiaosip.com.br\/servicos\/","logo":{"@type":"ImageObject","inLanguage":"pt-BR","@id":"https:\/\/www.espiaosip.com.br\/servicos\/#\/schema\/logo\/image\/","url":"https:\/\/www.espiaosip.com.br\/servicos\/wp-content\/uploads\/2021\/03\/cropped-Detetive-Particular-1.png","contentUrl":"https:\/\/www.espiaosip.com.br\/servicos\/wp-content\/uploads\/2021\/03\/cropped-Detetive-Particular-1.png","width":385,"height":112,"caption":"Espiao SIP"},"image":{"@id":"https:\/\/www.espiaosip.com.br\/servicos\/#\/schema\/logo\/image\/"}}]}},"_links":{"self":[{"href":"https:\/\/www.espiaosip.com.br\/servicos\/wp-json\/wp\/v2\/pages\/110","targetHints":{"allow":["GET"]}}],"collection":[{"href":"https:\/\/www.espiaosip.com.br\/servicos\/wp-json\/wp\/v2\/pages"}],"about":[{"href":"https:\/\/www.espiaosip.com.br\/servicos\/wp-json\/wp\/v2\/types\/page"}],"author":[{"embeddable":true,"href":"https:\/\/www.espiaosip.com.br\/servicos\/wp-json\/wp\/v2\/users\/1"}],"replies":[{"embeddable":true,"href":"https:\/\/www.espiaosip.com.br\/servicos\/wp-json\/wp\/v2\/comments?post=110"}],"version-history":[{"count":10,"href":"https:\/\/www.espiaosip.com.br\/servicos\/wp-json\/wp\/v2\/pages\/110\/revisions"}],"predecessor-version":[{"id":351,"href":"https:\/\/www.espiaosip.com.br\/servicos\/wp-json\/wp\/v2\/pages\/110\/revisions\/351"}],"wp:attachment":[{"href":"https:\/\/www.espiaosip.com.br\/servicos\/wp-json\/wp\/v2\/media?parent=110"}],"curies":[{"name":"wp","href":"https:\/\/api.w.org\/{rel}","templated":true}]}}